046347 is divided by 106801.
11
Calculate the remainder when 1873546 is divided by 6123.
6031
What is the remainder when 83876488 is divided by 2?
0
What is the remainder when 95368151 is divided by 4092?
4091
Calculate the remainder when 176280 is divided by 3320.
320
Calculate the remainder when 53037 is divided by 26054.
929
What is the remainder when 4975029 is divided by 2?
1
What is the remainder when 408854 is divided by 45424?
38
What is the remainder when 11624976 is divided by 683822?
2
Calculate the remainder when 20765213 is divided by 138.
77
What is the remainder when 11105035 is divided by 1678?
31
Calculate the remainder when 1710666 is divided by 122.
104
Calculate the remainder when 2375328 is divided by 17595.
3
Calculate the remainder when 754104 is divided by 943.
647
What is the remainder when 9402 is divided by 4639?
124
Calculate the remainder when 2501427 is divided by 1018.
201
Calculate the remainder when 19253 is divided by 30.
23
Calculate the remainder when 138003060 is divided by 73.
64
What is the remainder when 68326145 is divided by 203?
202
What is the remainder when 293525 is divided by 109?
97
Calculate the remainder when 30239945 is divided by 198.
197
Calculate the remainder when 49257 is divided by 24423.
411
Calculate the remainder when 275514825 is divided by 45919136.
9
What is the remainder when 1016868 is divided by 338953?
9
What is the remainder when 253420 is divided by 1301?
1026
What is the remainder when 14808712 is divided by 693?
688
What is the remainder when 338418 is divided by 2960?
978
What is the remainder when 1026935 is divided by 16814?
1281
Calculate the remainder when 2103683 is divided by 710.
663
Calculate the remainder when 61162016 is divided by 1397.
1356
Calculate the remainder when 34213413 is divided by 95.
18
What is the remainder when 273246321 is divided by 25?
21
Calculate the remainder when 113771 is divided by 163.
160
Calculate the remainder when 425572 is divided by 425454.
118
Calculate the remainder when 62219854 is divided by 404025.
4
What is the remainder when 212 is divided by 60?
32
Calculate the remainder when 1201313 is divided by 17652.
977
What is the remainder when 4975356 is divided by 4552?
20
Calculate the remainder when 24529498 is divided by 900.
898
Calculate the remainder when 934974 is divided by 22.
18
Calculate the remainder when 7877469 is divided by 372.
369
Calculate the remainder when 28994481 is divided by 230.
221
What is the remainder when 8905468 is divided by 7403?
7062
Calculate the remainder when 8408359 is divided by 44.
3
Calculate the remainder when 20767741 is divided by 1193.
1190
Calculate the remainder when 1634638 is divided by 14726.
52
What is the remainder when 3510509 is divided by 121052?
1
Calculate the remainder when 289183 is divided by 618.
577
Calculate the remainder when 31054967 is divided by 1311.
1310
Calculate the remainder when 610167 is divided by 152537.
19
Calculate the remainder when 2191497684 is divided by 349.
346
What is the remainder when 62562356 is divided by 710?
706
What is the remainder when 10064861 is divided by 22?
15
What is the remainder when 2447760 is divided by 46?
8
What is the remainder when 5327871 is divided by 65?
16
Calculate the remainder when 3840845 is divided by 262.
187
What is the remainder when 102576 is divided by 24127?
6068
Calculate the remainder when 509724 is divided by 509702.
22
What is the remainder when 80242282 is divided by 26747412?
46
What is the remainder when 2880313 is divided by 64?
57
Calculate the remainder when 1592215 is divided by 199026.
7
Calculate the remainder when 85569 is divided by 188.
29
Calculate the remainder when 1168232 is divided by 423.
329
Calculate the remainder when 19696828 is divided by 50765.
8
Calculate the remainder when 604122 is divided by 6102.
24
What is the remainder when 343692 is divided by 185?
147
Calculate the remainder when 754816 is divided by 26028.
4
Calculate the remainder when 35533975 is divided by 7106795.
0
Calculate the remainder when 1889172 is divided by 62969.
102
Calculate the remainder when 1690540 is divided by 3165.
430
What is the remainder when 117830 is divided by 1859?
713
What is the remainder when 134832 is divided by 1123?
72
Calculate the remainder when 3375122 is divided by 102276.
14
What is the remainder when 248814 is divided by 1765?
1714
Calculate the remainder when 4826374 is divided by 16934.
184
What is the remainder when 2869209 is divided by 573841?
4
What is the remainder when 14261195 is divided by 1097015?
0
What is the remainder when 20907 is divided by 646?
235
Calculate the remainder when 12293921 is divided by 730.
721
What is the remainder when 3139743 is divided by 118?
117
Calculate the remainder when 537178 is divided by 537166.
12
Calculate the remainder when 18357963 is divided by 955.
953
Calculate the remainder when 47561340 is divided by 32.
28
What is the remainder when 6313218 is divided by 823?
808
What is the remainder when 69063 is divided by 33725?
1613
What is the remainder when 209053553 is divided by 381?
377
Calculate the remainder when 6218 is divided by 95.
43
Calculate the remainder when 8662213 is divided by 1219.
1218
Calculate the remainder when 1200241 is divided by 1125.
991
Calculate the remainder when 259501 is divided by 18532.
53
What is the remainder when 12099806 is divided by 26?
4
What is the remainder when 83829711 is divided by 2969?
2965
Calculate the remainder when 6391238 is divided by 9.
5
Calculate the remainder when 476184 is divided by 3415.
1499
What is the remainder when 647272 is divided by 215752?
16
Calculate the remainder when 94138 is divided by 407.
121
Calculate the remainder when 1567663 is divided by 121.
108
Calculate the remainder when 821084 is divided by 3.
2
Calculate the remainder when 3274858 is divided by 18.
10
What is the remainder when 673406 is divided by 15644?
714
Calculate the remainder when 7259943 is divided by 10.
3
Calculate the remainder when 18186078 is divided by 2042.
26
Calculate the remainder when 78689197 is divided by 78.
67
What is the remainder when 645644 is divided by 251?
72
What is the remainder when 421856 is divided by 272?
256
Calculate the remainder when 41538364 is divided by 3167.
3159
What is the remainder when 1978576 is divided by 18143?
989
What is the remainder when 435908 is divided by 8718?
8
Calculate the remainder when 1946758 is divided by 93.
82
What is the remainder when 306041 is divided by 123?
17
Calculate the remainder when 43046852 is divided by 1051.
1045
What is the remainder when 236375 is divided by 3103?
547
What is the remainder when 888522 is divided by 888432?
90
What is the remainder when 1490030 is divided by 10566?
224
What is the remainder when 149902 is divided by 16901?
14694
Calculate the remainder when 18057807 is divided by 166.
161
Calculate the remainder when 7896204 is divided by 192.
12
Calculate the remainder when 1330306 is divided by 18.
16
Calculate the remainder when 111692 is divided by 1636.
444
What is the remainder when 1298564 is divided by 3710?
64
Calculate the remainder when 1391938 is divided by 17845.
28
What is the remainder when 292347 is divided by 73052?
139
What is the remainder when 57735618 is divided by 16?
2
Calculate the remainder when 1488230 is divided by 297543.
515
Calculate the remainder when 386025 is divided by 329.
108
Calculate the remainder when 6744844 is divided by 124.
112
What is the remainder when 60680 is divided by 463?
27
What is the remainder when 2997883 is divided by 29682?
1
What is the remainder when 628366 is divided by 8722?
382
Calculate the remainder when 23246 is divided by 2799.
854
What is the remainder when 6722065 is divided by 453?
451
What is the remainder when 367107 is divided by 596?
567
What is the remainder when 1653545 is divided by 284?
97
What is the remainder when 267451 is divided by 587?
366
What is the remainder when 16055430 is divided by 22709?
167
Calculate the remainder when 41251797 is divided by 10312940.
37
Calculate the remainder when 4574642 is divided by 304967.
137
Calculate the remainder when 918638436 is divided by 459319217.
2
Calculate the remainder when 2436